).
-10
Let j(q) = -13*q + 114. Let k be j(9). Let c(f) = f - 1 + 0*f + 0. Calculate c(k).
-4
Let m(k) = -3*k - 3293 + 4*k + 3280. Suppose 0 = -4*i - 4*h + 4, -2*h = 4*i - 0*h - 2. Calculate m(i).
-13
Let k(f) = -f**3 - f**2 - f + 1. Suppose 0 = 3*d + d - 24. Let s(p) = 7*p**3 + 12*p**2 - 2*p - 3. Let z(q) = d*k(q) + s(q). Calculate z(-7).
10
Let f(w) = -w**2 + w + 1. Let n(k) = 3*k**2 + k. Suppose -4*z + 4*p + 6 = -2*z, 5*z = -p - 7. Let l be n(z). Give f(l).
-1
Let d(g) be the third derivative of -g**5/60 - g**4/3 + 5*g**3/3 + 42*g**2. Suppose 72 = -5*b - 3*b. What is d(b)?
1
Let s(h) = h**2 - 14*h + 36. Let j be s(10). Let z(p) = p**2 + p + 1. Let v(q) = -5*q**2 - 11*q - 9. Let r(l) = j*z(l) - v(l). What is r(-5)?
-5
Let g(i) = i + 2*i - 4*i + 7. Suppose 4*x + 4*m = 48, -2*m = -m - 5. Calculate g(x).
0
Let c(n) = 4 - 10*n**3 - 3*n**2 - 19*n**3 + 28*n**3 + 8*n**2 - 4*n. Suppose i = 3*i. Suppose -5 = r, 4*z + r - 6*r - 41 = i. Give c(z).
4
Suppose -9*j + 3 = -10*j. Let r = 1 - -2. Let a(k) = 3*k - 2*k + k**2 + k**3 + r - 3*k. Calculate a(j).
-9
Let b(g) = -g**3 + 4*g**2 + 3*g + 4. Suppose -16*n = 14*n - 120. Calculate b(n).
16
Let z(w) = 9*w. Let r be z(-1). Let q = r + 11. Let u be (-42)/12 + q/(-4). Let b(a) = -a - 2. What is b(u)?
2
Let p(u) = u**3 - 5*u**2 + u - 4. Let k(i) = i**3 + 11*i**2 + 9*i + 13. Let f be k(-10). Suppose 3*m - f = -8. Determine p(m).
1
Suppose 3*r - 9 + 6 = 0, 0 = -2*n - 3*r + 3. Let w(z) = z**2 + z + 4. What is w(n)?
4
Let w(d) be the first derivative of d**4/4 - 5*d**3/3 + d**2 + 3*d - 24. What is w(4)?
-5
Let h = -554 - -775. Let b = -218 + h. Let w(u) be the third derivative of -u**4/4 - u**3/2 - u**2. What is w(b)?
-21
Let x(f) be the first derivative of f**4/4 + 7*f**3/3 - 9*f**2/2 - 9*f + 82. What is x(-8)?
-1
Let y(i) = -11*i + 27. Let u(f) = 4*f - 14. Let s(m) = 5*u(m) + 2*y(m). Determine s(-13).
10
Let r(b) be the first derivative of b**3/3 + 3*b**2 + b + 13. Suppose -4*m = -6 - 10. Suppose -m*k = 2*p + 10, 0*k + 3*p - 20 = k. Calculate r(k).
-4
Suppose -5*q = -2*s + 4 + 26, -q + 2*s = 14. Let x(j) = 3*j**2 + 2*j - 7. Calculate x(q).
33
Let r(h) = -h + 6. Let p be r(-4). Let b = p + -2. Suppose -4*z = -b, 3*z - 11 + 1 = 2*i. Let m(w) = -w**2 - 4*w + 1. Give m(i).
5
Let r(g) = -g - 10. Let i(y) = -20*y - 46. Let m(p) = -7*p - 15. Let l(n) = -5*i(n) + 14*m(n). Let j(k) = 4*l(k) + 7*r(k). What is j(-11)?
-1
Let k(t) = -t**2 + 5*t - 1. Let n be 3 - (-18)/12*2/(-3). Suppose -16 = -10*h + n*h. Give k(h).
5
Let k(c) be the first derivative of -c**4/4 - 7*c**3/3 + 5*c**2 + 3*c + 227. Determine k(-8).
-13
Let l(z) be the third derivative of 11*z**4/12 - z**3/6 - 9*z**2 - 3*z. What is l(-1)?
-23
Suppose 3*r - 2*r - 2 = 0. Let b(d) = -1 - d**2 + 0*d - d**3 + d + r*d**2. Suppose -3*q = k - 16, 4*q = -0*k - 2*k + 22. What is b(k)?
0
Suppose -f = -4*f + 6. Suppose 0 = 4*g - f*q, 3*g + 4*q - 27 = -5. Let p be 39/(-6) + 3/g. Let k(n) = n**2 + 3*n - 2. Determine k(p).
8
Suppose -3*n + 2 = -4. Let b(u) = -u - 1 + 2*u - 3*u + 3*u**n - 4*u**2. What is b(-3)?
-4
Suppose -2*d + 4 = -0*d, -37 = 5*m - d. Let o(i) = 2*i**2 + 9*i - 8. Determine o(m).
27
Let a be (-4)/(-8) + 1/2. Suppose 16 = 3*b + a. Let k(u) = 3*u**2 - u. Let h(r) = -4*r**2 + 1. Let j(x) = 2*h(x) + 3*k(x). What is j(b)?
12
Let i(z) be the third derivative of z**6/120 - z**5/20 - 5*z**4/24 + z**3/3 + 3*z**2 - z. What is i(3)?
-13
Let b(l) = -4*l**2 + 14*l - 8. Let z(o) = 5*o**2 - 15*o + 11. Let p(u) = 4*b(u) + 3*z(u). Suppose x + 0 = 10. What is p(x)?
11
Let x(h) = -h. Let j(d) = 5*d - 4. Let b be j(2). Suppose 7*r = 4*r - b. Let p be 2*r*(-21)/(-12). What is x(p)?
7
Let x(j) be the first derivative of j**4/4 + j**3/3 - j**2 - 4*j + 860. Determine x(-3).
-16
Let q(k) be the third derivative of k**6/120 + k**5/30 + 5*k**4/24 + 5*k**3/6 + 412*k**2. Determine q(-2).
-5
Let z(p) be the third derivative of -p**5/30 - 35*p**4/24 + 7*p**3/3 + 9*p**2. Let q be z(-18). Let x(y) = -y. Determine x(q).
4
Suppose 26*c - 53*c - 162 = 0. Let p(s) = 9*s + 4. Calculate p(c).
-50
Let p(s) be the second derivative of s**2 + 7 - 3*s - 1/2*s**3. Calculate p(3).
-7
Let k = -6 - -11. Let q(t) be the first derivative of 0*t - 7 + 2*t**2 - 1/3*t**3. Calculate q(k).
-5
Let v(q) = -q**3 - 4*q - 6. Let u(g) = 3*g**3 + g**2 + 11*g + 17. Let x(h) = -4*u(h) - 11*v(h). Suppose -5*n - 135 = -120. Give x(n).
-11
Let o = -16 + 22. Let w(r) be the third derivative of r**4/24 - r**3/6 + 15*r**2. Let f(n) = -n + 1. Let t(x) = -5*f(x) - 4*w(x). What is t(o)?
5
Let w(u) be the third derivative of -u**4/8 - u**3/6 - u**2. Suppose 49*j + 167 = 118. Calculate w(j).
2
Let a(j) = -j**2 - 1324 + 0*j + 7*j + 1315 + 2*j - 2*j. What is a(5)?
1
Let m(b) be the third derivative of b**6/720 - b**5/60 - 29*b**4/24 - 24*b**2. Let o(p) be the second derivative of m(p). Give o(7).
5
Let z(v) be the second derivative of -v**4/12 + 7*v**3/6 - 43*v. Suppose 0*w = 3*w + 9. Let h = 9 + w. Determine z(h).
6
Let q = 7 + -1. Let g be 7/1 + (-12)/q. Let v(m) = 92*m - 5 - 1 + m**2 - 193*m + 95*m. Give v(g).
-11
Let l(w) = -10*w + 5. Let r(n) = n**3 - 10*n**2 - 13*n + 128. Let y be r(10). Determine l(y).
25
Suppose -3*c - 5*a + 34 = 0, c + 5*a - 37 = -3*c. Let s(f) = -f - 2. Let o be s(-9). Let q(k) = k**3 - k**3 - k**3 + 3*k**2 - 3 + o. What is q(c)?
4
Let z(b) = -b**2 - 10*b + 4. Let d be z(-8). Suppose -2*p = -6*p - 84. Let w = p + d. Let x(n) = -2*n - 1. Calculate x(w).
1
Let z(s) = s. Let k be (48/(-24))/(1/(-2)). Suppose -6*r = k - 10. Determine z(r).
1
Let g(z) = 10*z**3 - z**2 + 2*z - 1. Let y be (16/12 + -1)*9. Let o be (-18)/y + 6/(-3). Let k be (9/36)/((-2)/o). Determine g(k).
10
Let k(r) be the second derivative of r**6/120 - r**5/12 + r**4/6 - 49*r**2/2 - 25*r. Let l(u) be the first derivative of k(u). Determine l(4).
0
Suppose 11 = -5*a + 4*p, -3*a = -p + 10 - 9. Let t(m) = -8*m + 3. What is t(a)?
-5
Let i(r) be the second derivative of r**4/12 + 7*r**3/6 - 5*r**2/2 + 2*r + 105. What is i(-6)?
-11
Let g(s) be the second derivative of 13*s - 2*s**2 - 1/12*s**4 + 0 - 5/6*s**3. Give g(-3).
2
Let f be (20/30)/(-1*6/27). Let t(a) = 0*a + 5*a**2 + 0*a**2 + a**3 + 4*a. What is t(f)?
6
Suppose -16*w + 17 = -f - 11*w, f = w - 1. Let o(i) = i**2 - 2*i - 3. Calculate o(f).
0
Let i(g) = -g**2 + 4*g + 1. Let q(n) = -5*n**2 - 1. Let y be q(1). Let l(o) = 8*o - 2 + 4*o + 0*o**2 - 16*o + o**2. Let z(r) = y*i(r) - 5*l(r). Give z(5).
9
Let c(x) = 7*x**3 - 15*x**2 + 13*x - 15. Let s(p) = 11*p**3 - 23*p**2 + 20*p - 23. Let y(v) = -8*c(v) + 5*s(v). Let i = 2 - -2. Give y(i).
5
Let j(n) = -2*n**3 - 2. Let p(a) = -12*a**3 + 2*a**2 - 3*a + 3. Let q(l) = j(l) + p(l). Calculate q(1).
-14
Let j be 6/(-4)*(-16)/12. Let x(f) be the first derivative of -5*f + 3*f + f**j - 5*f + 3*f + 4. Determine x(-4).
-12
Let f(k) = -k**2 + 9*k + 2. Let c be f(9). Suppose 0*m = c*m - 5*n + 1, 6 = m + 4*n. Let v(i) = 4*i + 1 - 3*i**2 + 3*i**2 - 2*i + 3*i**m. Determine v(-1).
2
Let f(s) = s**3 - 2*s**2 + 2*s. Let n(x) = 27*x**3 - 10*x**2 + 10*x - 1. Let g(l) = 5*f(l) - n(l). Calculate g(1).
-21
Let q = 24 + -26. Let x(p) = -2*p**3 - p**2 + p - 2. Calculate x(q).
8
Suppose -5*i - 1 = 4, -2*v + 40 = -2*i. Suppose -5*w = 4*q + v, w + 3*q + 18 = -4*w. Let c(a) = a**3 + 3*a**2 - 3*a + 4. Give c(w).
13
Let o(i) = -i**2 - 5*i + 5. Let c be o(-5). Let q(h) = h**2 - h. Let m(t) = 9*t - 10*t + 5*t**2 + 1 - 3. Let d(r) = m(r) - 6*q(r). Give d(c).
-2
Let z(h) = -2*h**3 + 30*h**2 - 100*h + 4. Let v be z(5). Let k(s) be the first derivative of -s**3/3 + s**2/2 - 2. Give k(v).
-12
Suppose 20*h - 8 = 32. Let d(x) be the third derivative of -2/3*x**3 + 0*x + 1/120*x**6 + 13*x**h + 5/24*x**4 + 1/12*x**5 + 0. Calculate d(-4).
-8
Let r(j) = j + 12. Let l(d) = -11. Let p(o) = 2*l(o) + 3*r(o). What is p(-5)?
-1
Suppose 3*s = s + 12. Suppose -v = -s*v. Suppose v = 3*y + 5 - 2. Let q(o) = 8*o**2 - 2*o - 1. Give q(y).
9
Let d(j) = -3*j**2. Suppose 4*n = n + 3. Let p be 2/(-2) - (n + -4). Suppose p = -5*o - 3. Calculate d(o).
-3
Let j(l) be the first derivative of -26 + l + 10/3*l**3 + l**2. What is j(-1)?
9
Let x(o) be the third derivative of -2/3*o**3 + 17*o**2 - 1/6*o**4 + 1/12*o**5 - 1/120*o**6 + 0*o + 0. Give x(4).
-4
Let s(z) be the second derivative of z**4/12 + z**2/2 + 2*z + 